{"id":20,"date":"2010-09-03T11:44:46","date_gmt":"2010-09-03T09:44:46","guid":{"rendered":"http:\/\/miriamalbasini.es\/blog\/?page_id=20"},"modified":"2022-03-05T16:49:43","modified_gmt":"2022-03-05T14:49:43","slug":"preguntas-frecuentes","status":"publish","type":"page","link":"https:\/\/miriamalbasini.es\/blog\/preguntas-frecuentes\/","title":{"rendered":"Preguntas frecuentes"},"content":{"rendered":"<div id='gallery-1' class='gallery galleryid-20 gallery-columns-3 gallery-size-thumbnail'><figure class='gallery-item'>\n\t\t\t<div class='gallery-icon landscape'>\n\t\t\t\t<a href='https:\/\/miriamalbasini.es\/blog\/wp-content\/uploads\/torrevieja.jpg' rel=\"lightbox[20]\"><img loading=\"lazy\" decoding=\"async\" width=\"300\" height=\"300\" src=\"https:\/\/miriamalbasini.es\/blog\/wp-content\/uploads\/torrevieja-300x300.jpg\" class=\"attachment-thumbnail size-thumbnail\" alt=\"\" srcset=\"https:\/\/miriamalbasini.es\/blog\/wp-content\/uploads\/torrevieja-300x300.jpg 300w, https:\/\/miriamalbasini.es\/blog\/wp-content\/uploads\/torrevieja-400x400.jpg 400w, https:\/\/miriamalbasini.es\/blog\/wp-content\/uploads\/torrevieja-100x100.jpg 100w, https:\/\/miriamalbasini.es\/blog\/wp-content\/uploads\/torrevieja-150x150.jpg 150w, https:\/\/miriamalbasini.es\/blog\/wp-content\/uploads\/torrevieja.jpg 600w\" sizes=\"auto, (max-width: 300px) 100vw, 300px\" \/><\/a>\n\t\t\t<\/div><\/figure><figure class='gallery-item'>\n\t\t\t<div class='gallery-icon portrait'>\n\t\t\t\t<a href='https:\/\/miriamalbasini.es\/blog\/wp-content\/uploads\/2012-09-26-20.13.jpg' rel=\"lightbox[20]\"><img loading=\"lazy\" decoding=\"async\" width=\"300\" height=\"300\" src=\"https:\/\/miriamalbasini.es\/blog\/wp-content\/uploads\/2012-09-26-20.13-300x300.jpg\" class=\"attachment-thumbnail size-thumbnail\" alt=\"\" srcset=\"https:\/\/miriamalbasini.es\/blog\/wp-content\/uploads\/2012-09-26-20.13-300x300.jpg 300w, https:\/\/miriamalbasini.es\/blog\/wp-content\/uploads\/2012-09-26-20.13-100x100.jpg 100w, https:\/\/miriamalbasini.es\/blog\/wp-content\/uploads\/2012-09-26-20.13-150x150.jpg 150w\" sizes=\"auto, (max-width: 300px) 100vw, 300px\" \/><\/a>\n\t\t\t<\/div><\/figure>\n\t\t<\/div>\n\n<p>Es un trabajo completamente artesanal y partiendo de cero, no se usa ning\u00fan tipo de moldes. Todas las figuras, a partir de un tama\u00f1o, llevan un armaz\u00f3n en alambre. La postura que van a llevar se define desde que empiezo con el armaz\u00f3n.<\/p>\n<p>Es un trabajo minucioso y cada figura lleva mucho trabajo y muchas horas, y tiempos de horno. Al ser delicados tambi\u00e9n debo poner mayor atenci\u00f3n en los embalajes para su env\u00edo.<\/p>\n<h2><strong>\u00bfQu\u00e9 tama\u00f1o tienen las figuras personalizadas?<\/strong><\/h2>\n<p>Al ser figuras hechas a mano para las que no tengo ninguna base de trabajo, las medidas cambian de unas a otras. Aunque las \u00faltimas han sido entre 15cm y 22cm de alto. Los <strong>perros de plastilina<\/strong> que hago miden entre 6 a 8 cm.<\/p>\n<h2><strong>\u00bfSe parecen los mu\u00f1ecos a las personas reales?<\/strong><\/h2>\n<p><strong>NO, NO SON RETRATOS<\/strong>, aunque intento copiar en lo posible a los personajes de la foto. No dejan de ser <strong>mu\u00f1ecos de plastilina<\/strong> o caricaturas en las que lo m\u00e1s importante son el color de ojos, de pelo, la vestimenta o el hobby del personaje. Para los ojos suelo utilizar cristal de swarovski de colores.<\/p>\n<h2><strong>\u00bfPara qu\u00e9 se suelen encargar las figuras personalizadas?<\/strong><\/h2>\n<p>Suelen encargarlas como regalo para alguien especial, para Comuniones, Bodas, Aniversarios&#8230;<\/p>\n<h2><strong>\u00bfS\u00f3lo se hacen figuras como las que vemos en la p\u00e1gina?<\/strong><\/h2>\n<p>No. Si se te ocurre cualquier idea que no veas aqu\u00ed pero que imaginas se podr\u00eda hacer, te propongo que te pongas en contacto conmigo para ver c\u00f3mo se puede hacer. Estoy abierta a cualquier idea o proyecto en <strong>arcilla polim\u00e9rica<\/strong>, o cualquier otro material.<\/p>\n<h2><strong>\u00bfSe pueden encargar repeticiones de un mismo mu\u00f1eco?<\/strong><\/h2>\n<p>No. Son piezas \u00fanicas y hechas manualmente, por lo tanto aunque me encargues cuatro veces el mismo personaje podr\u00e1 parecerse pero nunca ser\u00e1 igual uno del otro.<\/p>\n<h2><strong>\u00bfCon cuanto tiempo se debe hacer un encargo?<\/strong><\/h2>\n<p>Lo mejor es tener los encargos con un mes de antelaci\u00f3n, m\u00e1s que nada para poder ir poni\u00e9ndolos en cola a la hora de trabajarlos. Si alg\u00fan trabajo hay que hacerlo con menos tiempo interrumpiendo la cola de pedidos debes pedir presupuesto.<\/p>\n<h2><strong>\u00bfC\u00f3mo realizo el pedido?<\/strong><\/h2>\n<p>Rellenando el formulario de pedido.<\/p>\n<h2><strong>\u00bfRealizas env\u00edos al extranjero?<\/strong><\/h2>\n<p>Son m\u00e1s complicados por precio y tiempo, pero s\u00ed se pueden realizar. Habr\u00eda que sumar precio de env\u00edo.<\/p>\n<h2><strong>\u00bfSe rompen?<\/strong><\/h2>\n<p>Son <strong>figuras de arcilla polim\u00e9rica<\/strong>, su apariencia es como la plastilina, pero van cocidas al horno. Las partes m\u00e1s finas se pueden partir, igual que una porcelana y si se caen al suelo se rompen, pero a diferencia con otras figuras \u00e9stas se pueden restaurar. Los arreglos se cobran dependiendo de la envergadura y bajo presupuesto, mandando una foto puedo ver lo grave que es. Los gastos de env\u00edo para devolverlo hay que tenerlos tambi\u00e9n en cuenta.<\/p>\n<p>Para las obras que hay que enviar por correo no me puedo hacer responsable del trato que le den durante el transporte. Evidentemente yo me esmerar\u00e9 en un correcto embalaje y saldr\u00e1n siempre en perfecto estado de mi taller.<\/p>\n<h2><strong>\u00bfY si no me gusta lo que recibo?<\/strong><\/h2>\n<p>Si me has encargado una obra a m\u00ed, es porque has visto mi trabajo y te ha gustado. Por lo tanto no creo que haya muchas sorpresas cuando lo recibas. Yo en todas pongo el mismo empe\u00f1o y todas son igual de importantes para m\u00ed. Como cualquier artista cada uno tiene un criterio propio y un estilo de trabajo que debe ser aceptada por el cliente a la hora de hacer un encargo.<\/p>\n<h2><strong>\u00bfD\u00f3nde estoy?<\/strong><\/h2>\n<p>En Murcia centro, en Espa\u00f1a. Si est\u00e1s en Murcia, te lo puedo entregar en mano.<\/p>\n","protected":false},"excerpt":{"rendered":"<p>Es un trabajo completamente artesanal y partiendo de cero, no se usa ning\u00fan tipo de moldes. Todas las figuras, a partir de un tama\u00f1o, llevan un armaz\u00f3n en alambre. La postura que van a llevar se define desde que empiezo con el armaz\u00f3n. Es un trabajo minucioso y cada figura lleva mucho trabajo y muchas [&hellip;]<\/p>\n","protected":false},"author":2,"featured_media":0,"parent":0,"menu_order":1,"comment_status":"closed","ping_status":"closed","template":"","meta":{"jetpack_post_was_ever_published":false,"footnotes":""},"class_list":["post-20","page","type-page","status-publish","hentry"],"jetpack_shortlink":"https:\/\/wp.me\/P14Kb8-k","jetpack_sharing_enabled":true,"_links":{"self":[{"href":"https:\/\/miriamalbasini.es\/blog\/wp-json\/wp\/v2\/pages\/20","targetHints":{"allow":["GET"]}}],"collection":[{"href":"https:\/\/miriamalbasini.es\/blog\/wp-json\/wp\/v2\/pages"}],"about":[{"href":"https:\/\/miriamalbasini.es\/blog\/wp-json\/wp\/v2\/types\/page"}],"author":[{"embeddable":true,"href":"https:\/\/miriamalbasini.es\/blog\/wp-json\/wp\/v2\/users\/2"}],"replies":[{"embeddable":true,"href":"https:\/\/miriamalbasini.es\/blog\/wp-json\/wp\/v2\/comments?post=20"}],"version-history":[{"count":26,"href":"https:\/\/miriamalbasini.es\/blog\/wp-json\/wp\/v2\/pages\/20\/revisions"}],"predecessor-version":[{"id":3175,"href":"https:\/\/miriamalbasini.es\/blog\/wp-json\/wp\/v2\/pages\/20\/revisions\/3175"}],"wp:attachment":[{"href":"https:\/\/miriamalbasini.es\/blog\/wp-json\/wp\/v2\/media?parent=20"}],"curies":[{"name":"wp","href":"https:\/\/api.w.org\/{rel}","templated":true}]}}

<div id='gallery-1' class='gallery galleryid-20 gallery-columns-3 gallery-size-thumbnail'><figure class='gallery-item'>
			<div class='gallery-icon landscape'>
				<a href='https://miriamalbasini.es/blog/wp-content/uploads/torrevieja.jpg' rel="lightbox[20]"><img loading="lazy" decoding="async" width="300" height="300" src="https://miriamalbasini.es/blog/wp-content/uploads/torrevieja-300x300.jpg" class="attachment-thumbnail size-thumbnail" alt="" srcset="https://miriamalbasini.es/blog/wp-content/uploads/torrevieja-300x300.jpg 300w, https://miriamalbasini.es/blog/wp-content/uploads/torrevieja-400x400.jpg 400w, https://miriamalbasini.es/blog/wp-content/uploads/torrevieja-100x100.jpg 100w, https://miriamalbasini.es/blog/wp-content/uploads/torrevieja-150x150.jpg 150w, https://miriamalbasini.es/blog/wp-content/uploads/torrevieja.jpg 600w" sizes="auto, (max-width: 300px) 100vw, 300px" /></a>
			</div></figure><figure class='gallery-item'>
			<div class='gallery-icon portrait'>
				<a href='https://miriamalbasini.es/blog/wp-content/uploads/2012-09-26-20.13.jpg' rel="lightbox[20]"><img loading="lazy" decoding="async" width="300" height="300" src="https://miriamalbasini.es/blog/wp-content/uploads/2012-09-26-20.13-300x300.jpg" class="attachment-thumbnail size-thumbnail" alt="" srcset="https://miriamalbasini.es/blog/wp-content/uploads/2012-09-26-20.13-300x300.jpg 300w, https://miriamalbasini.es/blog/wp-content/uploads/2012-09-26-20.13-100x100.jpg 100w, https://miriamalbasini.es/blog/wp-content/uploads/2012-09-26-20.13-150x150.jpg 150w" sizes="auto, (max-width: 300px) 100vw, 300px" /></a>
			</div></figure>
		</div>

<p>Es un trabajo completamente artesanal y partiendo de cero, no se usa ningún tipo de moldes. Todas las figuras, a partir de un tamaño, llevan un armazón en alambre. La postura que van a llevar se define desde que empiezo con el armazón.</p>
<p>Es un trabajo minucioso y cada figura lleva mucho trabajo y muchas horas, y tiempos de horno. Al ser delicados también debo poner mayor atención en los embalajes para su envío.</p>
<h2><strong>¿Qué tamaño tienen las figuras personalizadas?</strong></h2>
<p>Al ser figuras hechas a mano para las que no tengo ninguna base de trabajo, las medidas cambian de unas a otras. Aunque las últimas han sido entre 15cm y 22cm de alto. Los <strong>perros de plastilina</strong> que hago miden entre 6 a 8 cm.</p>
<h2><strong>¿Se parecen los muñecos a las personas reales?</strong></h2>
<p><strong>NO, NO SON RETRATOS</strong>, aunque intento copiar en lo posible a los personajes de la foto. No dejan de ser <strong>muñecos de plastilina</strong> o caricaturas en las que lo más importante son el color de ojos, de pelo, la vestimenta o el hobby del personaje. Para los ojos suelo utilizar cristal de swarovski de colores.</p>
<h2><strong>¿Para qué se suelen encargar las figuras personalizadas?</strong></h2>
<p>Suelen encargarlas como regalo para alguien especial, para Comuniones, Bodas, Aniversarios&#8230;</p>
<h2><strong>¿Sólo se hacen figuras como las que vemos en la página?</strong></h2>
<p>No. Si se te ocurre cualquier idea que no veas aquí pero que imaginas se podría hacer, te propongo que te pongas en contacto conmigo para ver cómo se puede hacer. Estoy abierta a cualquier idea o proyecto en <strong>arcilla polimérica</strong>, o cualquier otro material.</p>
<h2><strong>¿Se pueden encargar repeticiones de un mismo muñeco?</strong></h2>
<p>No. Son piezas únicas y hechas manualmente, por lo tanto aunque me encargues cuatro veces el mismo personaje podrá parecerse pero nunca será igual uno del otro.</p>
<h2><strong>¿Con cuanto tiempo se debe hacer un encargo?</strong></h2>
<p>Lo mejor es tener los encargos con un mes de antelación, más que nada para poder ir poniéndolos en cola a la hora de trabajarlos. Si algún trabajo hay que hacerlo con menos tiempo interrumpiendo la cola de pedidos debes pedir presupuesto.</p>
<h2><strong>¿Cómo realizo el pedido?</strong></h2>
<p>Rellenando el formulario de pedido.</p>
<h2><strong>¿Realizas envíos al extranjero?</strong></h2>
<p>Son más complicados por precio y tiempo, pero sí se pueden realizar. Habría que sumar precio de envío.</p>
<h2><strong>¿Se rompen?</strong></h2>
<p>Son <strong>figuras de arcilla polimérica</strong>, su apariencia es como la plastilina, pero van cocidas al horno. Las partes más finas se pueden partir, igual que una porcelana y si se caen al suelo se rompen, pero a diferencia con otras figuras éstas se pueden restaurar. Los arreglos se cobran dependiendo de la envergadura y bajo presupuesto, mandando una foto puedo ver lo grave que es. Los gastos de envío para devolverlo hay que tenerlos también en cuenta.</p>
<p>Para las obras que hay que enviar por correo no me puedo hacer responsable del trato que le den durante el transporte. Evidentemente yo me esmeraré en un correcto embalaje y saldrán siempre en perfecto estado de mi taller.</p>
<h2><strong>¿Y si no me gusta lo que recibo?</strong></h2>
<p>Si me has encargado una obra a mí, es porque has visto mi trabajo y te ha gustado. Por lo tanto no creo que haya muchas sorpresas cuando lo recibas. Yo en todas pongo el mismo empeño y todas son igual de importantes para mí. Como cualquier artista cada uno tiene un criterio propio y un estilo de trabajo que debe ser aceptada por el cliente a la hora de hacer un encargo.</p>
<h2><strong>¿Dónde estoy?</strong></h2>
<p>En Murcia centro, en España. Si estás en Murcia, te lo puedo entregar en mano.</p>

<p>Es un trabajo completamente artesanal y partiendo de cero, no se usa ningún tipo de moldes. Todas las figuras, a partir de un tamaño, llevan un armazón en alambre. La postura que van a llevar se define desde que empiezo con el armazón. Es un trabajo minucioso y cada figura lleva mucho trabajo y muchas [&hellip;]</p>
