{"id":1050,"date":"2012-03-21T13:46:03","date_gmt":"2012-03-21T11:46:03","guid":{"rendered":"http:\/\/miriamalbasini.es\/blog\/?page_id=1050"},"modified":"2018-03-03T22:11:32","modified_gmt":"2018-03-03T20:11:32","slug":"los-boulis","status":"publish","type":"page","link":"https:\/\/miriamalbasini.es\/blog\/los-boulis\/","title":{"rendered":"Los Boulis"},"content":{"rendered":"<p><strong><a href=\"http:\/\/miriamalbasini.es\/blog\/los-boulis\/boulis_peq-3\/\" rel=\"attachment wp-att-1160\"><img loading=\"lazy\" decoding=\"async\" class=\"alignnone size-medium wp-image-1160\" title=\"boulis_peq\" src=\"http:\/\/miriamalbasini.es\/blog\/wp-content\/uploads\/boulis_peq2-300x110.jpg\" alt=\"\" width=\"300\" height=\"110\" srcset=\"https:\/\/miriamalbasini.es\/blog\/wp-content\/uploads\/boulis_peq2-300x110.jpg 300w, https:\/\/miriamalbasini.es\/blog\/wp-content\/uploads\/boulis_peq2-400x147.jpg 400w, https:\/\/miriamalbasini.es\/blog\/wp-content\/uploads\/boulis_peq2-768x283.jpg 768w, https:\/\/miriamalbasini.es\/blog\/wp-content\/uploads\/boulis_peq2-690x254.jpg 690w, https:\/\/miriamalbasini.es\/blog\/wp-content\/uploads\/boulis_peq2.jpg 848w\" sizes=\"auto, (max-width: 300px) 100vw, 300px\" \/><\/a><\/strong><\/p>\n<h2><strong>\u00bfQu\u00e9 son los Boulis?<\/strong><\/h2>\n<p>Son unos broches, hechos a mano, en arcilla polim\u00e9rica. Su tama\u00f1o es sobre los 5 \u00f3 6 cm.<\/p>\n<p>Aunque todos tienen m\u00e1s o menos la misma cara son personalizados, ya que cambia el color y forma de pelo, los colores de la ropa o la afici\u00f3n de cada uno.<\/p>\n","protected":false},"excerpt":{"rendered":"<p>\u00bfQu\u00e9 son los Boulis? Son unos broches, hechos a mano, en arcilla polim\u00e9rica. Su tama\u00f1o es sobre los 5 \u00f3 6 cm. Aunque todos tienen m\u00e1s o menos la misma cara son personalizados, ya que cambia el color y forma de pelo, los colores de la ropa o la afici\u00f3n de cada uno.<\/p>\n","protected":false},"author":2,"featured_media":0,"parent":0,"menu_order":4,"comment_status":"closed","ping_status":"closed","template":"","meta":{"jetpack_post_was_ever_published":false,"footnotes":""},"class_list":["post-1050","page","type-page","status-publish","hentry"],"jetpack_shortlink":"https:\/\/wp.me\/P14Kb8-gW","jetpack_sharing_enabled":true,"_links":{"self":[{"href":"https:\/\/miriamalbasini.es\/blog\/wp-json\/wp\/v2\/pages\/1050","targetHints":{"allow":["GET"]}}],"collection":[{"href":"https:\/\/miriamalbasini.es\/blog\/wp-json\/wp\/v2\/pages"}],"about":[{"href":"https:\/\/miriamalbasini.es\/blog\/wp-json\/wp\/v2\/types\/page"}],"author":[{"embeddable":true,"href":"https:\/\/miriamalbasini.es\/blog\/wp-json\/wp\/v2\/users\/2"}],"replies":[{"embeddable":true,"href":"https:\/\/miriamalbasini.es\/blog\/wp-json\/wp\/v2\/comments?post=1050"}],"version-history":[{"count":9,"href":"https:\/\/miriamalbasini.es\/blog\/wp-json\/wp\/v2\/pages\/1050\/revisions"}],"predecessor-version":[{"id":2828,"href":"https:\/\/miriamalbasini.es\/blog\/wp-json\/wp\/v2\/pages\/1050\/revisions\/2828"}],"wp:attachment":[{"href":"https:\/\/miriamalbasini.es\/blog\/wp-json\/wp\/v2\/media?parent=1050"}],"curies":[{"name":"wp","href":"https:\/\/api.w.org\/{rel}","templated":true}]}}